 = c + i. Is d a composite number?
False
Let r = 0 - -5. Let b be (-8)/(-12) - (-10)/3. Suppose -d - 17 = -b*d + 2*x, -3*x - 29 = -r*d. Is d a prime number?
True
Let d = -9 - -15. Let u(k) = -k**3 + 7*k**2 + 7. Is u(d) a prime number?
True
Suppose 0 = 18*j - 5331 - 62367. Is j prime?
True
Let t(f) = 259*f**2 - 2*f - 2. Is t(-1) composite?
True
Suppose -q - 4*s - 463 = -136, 5*q + 3*s + 1584 = 0. Let h = 476 + q. Is h a prime number?
False
Is 1*24445*(66/30 - 2) prime?
True
Suppose 0 = -3*f + f + 22. Let n(b) = 18*b**2 + f*b**2 + 3 - 2*b - 2 + 0. Is n(2) composite?
False
Let q be 1/(-2)*(-1 - -1). Let d = 12 + -7. Suppose 0 = -d*y + 4*r + 431, -y + 3*r + 7 + 88 = q. Is y composite?
False
Let n(c) = -6*c**3 + 4*c**2 + 3*c - 2. Is n(-3) prime?
False
Let b be 260/30 - 2/3. Is 2/b + 609/12 prime?
False
Let h(l) = -2*l**3 - 5*l**2 - 3*l + 3. Let m be h(-5). Let f = -90 + m. Is f a prime number?
True
Suppose -4*s - 4368 = -4*t, -2*t + 3*s = 2*t - 4363. Is t a composite number?
False
Suppose -2*n = -5*d - 5, -2*n + 6 = -3*d + 3. Let m be n - ((-3)/(-3) + -5). Suppose 0 = -3*t - 4*s + 117, -4*s + 143 = m*t - 3*s. Is t prime?
False
Suppose 0 = -0*d + 2*d - x + 37, 53 = -4*d - 5*x. Let g = d + 25. Is (105/(-12))/((-2)/g) prime?
False
Let u(d) = -d**2 + 16*d - 4. Is u(7) a composite number?
False
Suppose 1 = -4*s + 25. Suppose 0 = -2*c + s*c + 12. Is (c*5)/(-3) - -2 a composite number?
False
Suppose 3*d + 12 = r, d - 5*r + 15 = -3. Let w be (2/d)/((-10)/(-15)). Let i(a) = 15*a**2 + a + 1. Is i(w) a prime number?
False
Suppose 0 = b, 2*w - 3*b = -2*b + 254. Is w a prime number?
True
Let l be (-2)/(-4) + (-1845)/(-6). Suppose l + 168 = 4*t. Is t a composite number?
True
Let d(w) = -w**3 + 6*w**2 - 5*w + 4. Let c be d(5). Suppose c*i - 1005 = 31. Is i a composite number?
True
Let x be (-8 - -6)*146/(-4). Suppose 2*v - 1 = x. Is v prime?
True
Let c = 308 - -671. Is c prime?
False
Suppose 0 = t - 2*t + 4. Let w(j) = 4*j**2 + 3*j + 0*j - j**3 - 3 + 3*j. Is w(t) composite?
True
Suppose c - 2*p + 5*p - 6 = 0, -4*p + 8 = -4*c. Let i be (-2)/9 + 112/18. Suppose c = q + 3*q - 2*g - i, 0 = -q + g. Is q prime?
True
Suppose 12*p = 16*p - 1876. Is p prime?
False
Let l(h) = -h**2 + 4*h + 3. Let d be l(4). Suppose 4*g = d*n - 570, n - 64 - 139 = -3*g. Is n composite?
True
Let z = -79 + 46. Let t = 88 + z. Is t prime?
False
Suppose 4*r + 8 - 180 = 0. Suppose -h - 3*f + r = -24, f - 3 = 0. Let i = -39 + h. Is i a prime number?
True
Let i = -6 + 8. Suppose 0*c + i = c. Is c composite?
False
Let z(u) = 30*u**2 - 7*u - 12. Is z(-2) a composite number?
True
Suppose 0 = -9*n - 5*n + 19166. Is n a prime number?
False
Suppose -r - 2*u - 2 = 0, -r = 3*u + 9 - 4. Suppose -3395 = -o - r*o. Is o a prime number?
False
Let d = 202 + -111. Is d a composite number?
True
Suppose -12 = -2*h + 5*h, -3*n + 42 = -3*h. Suppose 5 = 5*d - n. Is d composite?
False
Suppose -289 = -5*l + 4*l. Is l prime?
False
Let y be (-2360)/(-6) - 18/(-27). Suppose 4*z + 5*j - 427 = 0, -3*z = -5*j + 100 - y. Is z a prime number?
True
Suppose 0*x - y - 7189 = -3*x, -5*x = -3*y - 11987. Is x a composite number?
True
Is (-1)/3*(5 - 956) a prime number?
True
Suppose 0 = -5*g - 16 + 111. Is g a prime number?
True
Is (-182464)/(-96) + (-2)/(-6) a composite number?
False
Suppose 4*s = 4*t - 27972, -3*t + 4*t + 5*s - 7005 = 0. Is t a composite number?
True
Suppose -2*h + 3*h - 2*s - 14 = 0, -5*s - 29 = -h. Let m be (-1)/h - 49/(-4). Let o = -5 + m. Is o composite?
False
Suppose -4*i = -i + 12. Let u = i - -7. Is (-1)/u - 46/(-3) a composite number?
True
Let o = 1 + 2. Suppose 2*v + 3 + o = 0. Let l(i) = 10*i**2 + 5*i + 4. Is l(v) prime?
True
Suppose 2*o = o + 74. Is o a composite number?
True
Suppose 2*d + 2 = 3*d. Suppose -4*n + 3*m = -10 + 1, 0 = 4*n - d*m - 6. Suppose 0 = -o - 2*w + 47, n = -3*o - 3*w + 7*w + 181. Is o a prime number?
False
Suppose -4*v - 3 = k, 5*k - 3*k = 10. Is (v/6)/(2/(-762)) a composite number?
False
Let a(w) = -6. Let k(h) = -h - 1. Let r(l) = -a(l) - k(l). Let o be r(-3). Suppose 2*c - 104 = -o*x + 250, -3*c + 353 = 4*x. Is x a prime number?
True
Let r(v) = 82*v + 2. Is r(2) a composite number?
True
Let k = -1 - -3. Suppose 2*h + 1 = k*u - 1, 3 = 5*u - 4*h. Is u/(-2) + (-7)/(-2) composite?
True
Suppose j = 3*h + 43, -104 = -4*j + 2*h - 7*h. Suppose 0 = 4*t + 2*d - 10, -3*t - 3*d = 0. Suppose -q - j = -t*l, 3*q + 0*q + 9 = 3*l. Is l a composite number?
False
Let f be 6/10*(-1 + 6). Suppose 4*d = 5*u - 42, -3*u - 4*d - d = -f. Suppose s + 36 = 2*c + u*s, -5*c - 4*s = -73. Is c a prime number?
True
Let w(h) be the first derivative of h**4/4 + 5*h**3/3 + 3*h - 1. Suppose -3*z - 20 = 2*z. Is w(z) composite?
False
Let a be 3 + 4 - (-1 - -1). Suppose -3*m - 5*f + 171 = 0, 3*m - a = 5*f + 164. Is m prime?
False
Let h = -7 + 11. Is h/10 - (-879)/15 prime?
True
Suppose 4*m + 0 = 12. Suppose 6*h - 564 = m*h + 3*f, -h + 4*f = -179. Is h prime?
True
Let b = -5 - -5. Suppose 3*x - x + 120 = b. Let g = -35 - x. Is g a composite number?
True
Is (-1454)/(-3) - (-9)/27 prime?
False
Suppose 5*c = s - 219, -4*s - s + 5*c = -1095. Suppose -3*i + 442 = 52. Let p = s - i. Is p composite?
False
Let p(u) = -48*u + 4. Let g = -8 + 2. Let c be p(g). Suppose -o - 2*o = j - c, 5*j = 4*o - 383. Is o composite?
False
Suppose -8 - 2 = -2*y. Suppose -m - y = -9. Is m composite?
True
Suppose -2*f + 2029 = -1045. Is f a prime number?
False
Is (-51)/(-85) - (-2032)/5 prime?
False
Let f(j) = j**3 + 3*j**2 - 4*j - 2. Let q be f(-4). Let h(l) = 5*l**2 - 2*l - 3. Let p be h(q). Suppose i - p = 1. Is i a prime number?
False
Let j(q) = 258*q + 1. Is j(2) a composite number?
True
Suppose 176 - 567 = -d. Is d prime?
False
Let y be (3/3)/(-1)*-2. Suppose 339 = y*v + v. Is v a composite number?
False
Suppose -12 = -k + i, 0 = k - 3*i - 10 - 2. Let n be k/30 + (-13)/(-5). Suppose n*w - 6 = -x + 4*w, 4*w = -3*x - 10. Is x a prime number?
True
Suppose 3*g + b = -3*b + 619, -g - 3*b = -208. Is g prime?
False
Suppose -v + 11789 = 2*o, -2 = 3*v + 13. Is o a prime number?
True
Let m(p) = -p. Let d(a) = 3*a + 1. Let z(i) = d(i) + 2*m(i). Let y be z(0). Suppose -5*v - 3*r + 8*r = -250, -r - y = 0. Is v a composite number?
True
Suppose 2*w - 1721 = -363. Is w a prime number?
False
Suppose 1221 = -4*p + 6025. Is p a prime number?
True
Suppose 3*u - 237 = 105. Suppose m + r + u = 0, 0*m - m - 3*r - 104 = 0. Let w = m + 174. Is w prime?
False
Let p be (0 - 2) + 10/1. Suppose 0 = -2*h + p, -5*h + 20 = -3*o + 63. Is o a prime number?
False
Let m = -16 + 461. Suppose -g - m = -6*g. Is g a prime number?
True
Let w(k) = -70*k - 25. Is w(-12) composite?
True
Suppose -k = 5*k - 1854. Is k prime?
False
Let c = -9 + 9. Suppose x - 5*j - 10 - 3 = 0, -4*j + 82 = 2*x. Let q = x + c. Is q a composite number?
True
Let b(j) be the third derivative of 7*j**4/24 - 2*j**3 + j**2. Let p = 31 + -20. Is b(p) composite?
True
Let g be ((4 - 0) + -27)*-1. Let w = g - 9. Is w prime?
False
Let t = -5 + 5. Let j(x) = -x**3 - x**2 + 15. Is j(t) a prime number?
False
Is -10 - -11 - (-370 - 0) a prime number?
False
Suppose 4*y - 224 = 836. Is y composite?
True
Let i(k) = -73*k**3 - k**2 + k + 4. Is i(-3) a composite number?
True
Let t(b) = -38*b + 2. Let q be t(7). Is 1 + 0 + q/(-8) a prime number?
False
Let w be 0 + (-17 - (1 + -2)). Let b = 10 + w. Let p = b - -10. Is p prime?
False
Suppose -4*o - 2*g = -0*g + 294, o = g - 78. Let i = -41 - o. Is i a composite number?
True
Let m(u) = 21*u. Let x(k) = -252*k. Let t(c) = 35*m(c) + 3*x(c). Let n = 1 + -2. Is t(n) a prime number?
False
Let b be (4 + 27/(-6))*14. Is (531/(-3))/3*b composite?
True
Let r(g) = g**2 - 2*g + 7. Is r(-6) a composite number?
True
Suppose -4*s - 4*z + 27 = -z, -s = 3*z - 18. Suppose s*t - 184 = -19. Is t composite?
True
Is (-1059)/(-3)*-5*(-3)/15 a composite number?
False
Suppose 2*a = -a + 2*u + 3, -5*u - 5 = -5*a. Let t be a - (-2 + -1 + 3). Suppose -c - g + t = -7, 5*c + g - 36 = 0. Is c composite?
False
Let h = -5 + 8. Suppose 5*c - 9 = 2*c + 3*m, 3*c - m = h. Suppose c*g = -3*g + 231. Is g prime?
False
Let y be (8/(-6))/(2/(-6)). Suppose y*t = -0*t + 5024. Suppose v + t = 5*j + 80, j = -2*v + 233. Is j composite?
True
Suppose -3*u - 2*u + 600 = 0. Let r = 13 + u. Is r a prime number?
False
Suppose 